 a composite number?
True
Is 774447941 prime?
True
Is 27412980719 composite?
True
Is 1159476949 a composite number?
False
Is 76870819 composite?
False
Is 48173141 prime?
False
Is 241786082431 a prime number?
True
Is 1846052111 prime?
True
Is 779224753 composite?
False
Is 28411363757 a composite number?
True
Is 7737593593 composite?
True
Is 84207369761 a prime number?
True
Is 10672253477 a prime number?
True
Is 59440442773 prime?
True
Is 912480661 prime?
False
Is 9703152637 composite?
False
Is 27609031367 a composite number?
True
Is 1405772089 composite?
False
Is 27509917291 a composite number?
True
Is 146132237 composite?
True
Is 3516948187 a composite number?
False
Is 276651791 a prime number?
False
Is 52511493007 composite?
False
Is 3754002323 a composite number?
True
Is 1088474501 composite?
True
Is 71935647551 a prime number?
True
Is 593408017 a composite number?
True
Is 2216211293 prime?
True
Is 9030088559 a prime number?
True
Is 94342260023 a prime number?
False
Is 9603859423 a composite number?
False
Is 81493029953 a prime number?
False
Is 431706679 a prime number?
True
Is 12523247615 a prime number?
False
Is 32336320883 composite?
False
Is 547695803 a prime number?
False
Is 9455234189 a prime number?
True
Is 66515297 composite?
False
Is 1151782403 prime?
True
Is 3114537619 prime?
True
Is 33704394611 a prime number?
True
Is 97460952087 composite?
True
Is 9950778713 a composite number?
False
Is 13348785031 prime?
True
Is 2464607089 a composite number?
True
Is 29651332483 a prime number?
True
Is 19413784951 a composite number?
True
Is 3867498109 prime?
False
Is 3846243529 composite?
False
Is 12350699693 a prime number?
True
Is 446100839 a prime number?
True
Is 510711919 prime?
True
Is 15584645761 composite?
False
Is 62716149682 composite?
True
Is 685729729 a prime number?
False
Is 11968123571 composite?
False
Is 12524547193 prime?
False
Is 957568279 a prime number?
True
Is 4936133543 a prime number?
False
Is 3384233509 a prime number?
True
Is 7332063971 a prime number?
True
Is 5971585897 a prime number?
True
Is 16902533591 composite?
True
Is 96507114685 composite?
True
Is 241650141521 a composite number?
False
Is 227922941 composite?
True
Is 231387977 prime?
True
Is 229631741 prime?
True
Is 22403785757 prime?
True
Is 7011982631 prime?
True
Is 908202674 a prime number?
False
Is 25251695431 composite?
False
Is 4671341 prime?
True
Is 801277787 prime?
True
Is 180239723 composite?
False
Is 123829487 a composite number?
False
Is 522323837 a prime number?
False
Is 52175567369 a prime number?
True
Is 1550357033 prime?
True
Is 1497047329 a composite number?
False
Is 191764645 a composite number?
True
Is 133544590051 a composite number?
True
Is 2124179549 a composite number?
False
Is 409785551 a composite number?
True
Is 7308933793 prime?
False
Is 989877349 a composite number?
False
Is 2045572019 prime?
False
Is 342588947 a prime number?
False
Is 797977679 composite?
False
Is 835453171 a prime number?
False
Is 6074523251 a composite number?
True
Is 3443681597 composite?
True
Is 1989220559 a composite number?
True
Is 8784793217 a composite number?
False
Is 60908324977 a composite number?
False
Is 409555753 composite?
False
Is 1902103631 prime?
True
Is 2546564783 a prime number?
False
Is 16429395787 a prime number?
False
Is 1069111897 a composite number?
True
Is 674476373 composite?
False
Is 22362746219 prime?
False
Is 10056211089 composite?
True
Is 22199924989 a composite number?
True
Is 829959047 prime?
True
Is 637718485 composite?
True
Is 2135499694 composite?
True
Is 36360948937 composite?
False
Is 678272129 composite?
False
Is 1775828773 a composite number?
False
Is 7343741503 prime?
False
Is 60101132863 a composite number?
False
Is 3204283427 a composite number?
False
Is 154901621 composite?
True
Is 804491543 a prime number?
True
Is 12224570849 a composite number?
True
Is 24568783 a composite number?
False
Is 476840821 prime?
True
Is 40527665033 composite?
True
Is 59857254463 a prime number?
True
Is 132081067 a composite number?
True
Is 13660031153 composite?
True
Is 420460869089 a composite number?
False
Is 363032753 a composite number?
True
Is 32896471 prime?
True
Is 1137651265 a prime number?
False
Is 521402447 prime?
True
Is 12907338713 a prime number?
False
Is 39940044337 prime?
False
Is 727378733 composite?
True
Is 57478271 a composite number?
False
Is 413202733 prime?
True
Is 4574179943 a composite number?
True
Is 1645271429 composite?
False
Is 696896569 composite?
False
Is 185115641 composite?
False
Is 13238861761 prime?
False
Is 9872504711 a prime number?
True
Is 16522582393 composite?
False
Is 457454527 a composite number?
False
Is 531820999 a composite number?
False
Is 2154945259 a prime number?
True
Is 2519076463 composite?
True
Is 18398257 composite?
False
Is 1352382673 composite?
False
Is 8469572339 prime?
True
Is 9851863459 a composite number?
False
Is 446968279 a composite number?
False
Is 1658432551 a composite number?
True
Is 761655823 composite?
True
Is 16428781937 a prime number?
True
Is 3289559477 a composite number?
True
Is 4546123997 composite?
False
Is 9635421937 composite?
False
Is 3388351817 a prime number?
True
Is 21114734461 a composite number?
False
Is 64968689671 composite?
False
Is 261407120683 a composite number?
False
Is 9664028707 a composite number?
True
Is 526289269 a prime number?
False
Is 907035583 a composite number?
False
Is 3452725117 a prime number?
False
Is 61833509 a prime number?
True
Is 867823909 a composite number?
False
Is 1386858233 prime?
False
Is 5498447767 a composite number?
False
Is 59605517207 a prime number?
True
Is 9871179121 composite?
True
Is 30456124763 a prime number?
True
Is 83637647 composite?
True
Is 309023633 a composite number?
False
Is 377390487 a composite number?
True
Is 19313989619 a composite number?
True
Is 627695273 composite?
False
Is 225615161 a prime number?
True
Is 313360667 a composite number?
True
Is 8811784499 a composite number?
True
Is 39168713 a prime number?
True
Is 5926956281 a prime number?
True
Is 1085844301 a composite number?
True
Is 532559831 a prime number?
True
Is 19026508003 a prime number?
False
Is 1564747529 a composite number?
True
Is 1075910449 composite?
True
Is 6474806627 a prime number?
True
Is 29065103191 a prime number?
True
Is 138604121 composite?
True
Is 13953860441 prime?
True
Is 75711427177 composite?
True
Is 16298122199 a prime number?
False
Is 136584341 a composite number?
True
Is 1758496423 composite?
False
Is 255853579 prime?
True
Is 2070033506 a prime number?
False
Is 1943409233 prime?
True
Is 1886909719 a composite number?
True
Is 7384266023 prime?
True
Is 3414647287 composite?
True
Is 8454864259 a prime number?
True
Is 2311654637 prime?
True
Is 8154002707 a composite number?
False
Is 345409087 prime?
True
Is 1600459 a composite number?
True
Is 20324347397 prime?
False
Is 2904320869 composite?
True
Is 10940411099 composite?
False
Is 18054877 a composite number?
True
Is 8045997629 composite?
False
Is 3770916649 a composite number?
False
Is 10301989553 composite?
True
Is 740484743 prime?
True
Is 332377451 prime?
False
Is 332946181 prime?
False
Is 4051055969 a prime number?
False
Is 18282919517 composite?
True
Is 5194956511 a composite number?
True
Is 1560441161 a prime number?
False
Is 143955096079 a prime number?
True
Is 3797205211 prime?
True
Is 435404591 composite?
False
Is 5345003081 prime?
False
Is 14928354421 a composite number?
False
Is 896668655213 composite?
False
Is 31022205817 composite?
False
Is 100901959 a composite number?
True
Is 1495534231 prime?
False
Is 274053062 composite?
True
Is 431672569 composite?
True
Is 1476651563 composite?
False
Is 1620129367 prime?
True
Is 780990477 a prime number?
False
Is 27382899233 a composite number?
False
Is 1394652959 prime?
False
Is 2598782123 prime?
False
Is 29489666933 a prime number?
True
Is 1424721659 prime?
False
Is 837377003 prime?
False
Is 28953955109 composite?
False
Is 687941323 prime?
True
Is 4618895911 a prime number?
False
Is 362638469 a prime number?
True
Is 79941562 composite?
True
Is 2118875749 a prime number?
False
Is 3852633701 a composite number?
True
Is 286272413 a prime number?
False
Is 882975131 prime?
False
Is 10865749421 composite?
True
Is 477847459 a prime